{"id":793,"date":"2023-12-27T16:37:37","date_gmt":"2023-12-27T22:37:37","guid":{"rendered":"https:\/\/tsukisgarden.com\/index.php\/producto\/espejos-mini\/"},"modified":"2024-02-17T16:51:45","modified_gmt":"2024-02-17T22:51:45","slug":"espejos-mini","status":"publish","type":"product","link":"https:\/\/tsukisgarden.com\/index.php\/producto\/espejos-mini\/","title":{"rendered":"Espejo compacto"},"content":{"rendered":"<p>Mant\u00e9n tu estilo impecable en cualquier lugar con nuestro espejo compacto para bolso \ud83d\udc5c Este elegante accesorio no solo a\u00f1ade un toque de glamour a tu kit de belleza, sino que tambi\u00e9n es funcional y pr\u00e1ctico.<\/p>\n<p>Disponible en tres michi dise\u00f1os \u00fanicos, cada espejo compacto refleja tu estilo personal. Adem\u00e1s de su atractivo exterior, este espejo cuenta con un espejo est\u00e1ndar para revisar tu apariencia en general y otro con aumento para detalles m\u00e1s precisos \ud83d\udc85<\/p>\n<p>El tama\u00f1o compacto del espejo lo hace perfecto para llevar en tu bolso diario, cartera o estuche de maquillaje. Ya sea para retoques r\u00e1pidos en la oficina, durante eventos sociales o en movimiento, este espejo compacto es tu aliado perfecto para lucir impecable en todo momento.<\/p>\n","protected":false},"excerpt":{"rendered":"<p>Espejo compacto para bolso con 3 michi dise\u00f1os<\/p>\n<p>Incluye espejo normal y de aumento 2X para retoques r\u00e1pidos y precisos \ud83d\udc85<\/p>\n","protected":false},"featured_media":861,"template":"","meta":[],"product_brand":[],"product_cat":[46,56],"product_tag":[],"class_list":{"0":"post-793","1":"product","2":"type-product","3":"status-publish","4":"has-post-thumbnail","6":"product_cat-para-ti","7":"product_cat-accesorios-parati","9":"first","10":"instock","11":"shipping-taxable","12":"purchasable","13":"product-type-variable"},"_links":{"self":[{"href":"https:\/\/tsukisgarden.com\/index.php\/wp-json\/wp\/v2\/product\/793","targetHints":{"allow":["GET"]}}],"collection":[{"href":"https:\/\/tsukisgarden.com\/index.php\/wp-json\/wp\/v2\/product"}],"about":[{"href":"https:\/\/tsukisgarden.com\/index.php\/wp-json\/wp\/v2\/types\/product"}],"wp:featuredmedia":[{"embeddable":true,"href":"https:\/\/tsukisgarden.com\/index.php\/wp-json\/wp\/v2\/media\/861"}],"wp:attachment":[{"href":"https:\/\/tsukisgarden.com\/index.php\/wp-json\/wp\/v2\/media?parent=793"}],"wp:term":[{"taxonomy":"product_brand","embeddable":true,"href":"https:\/\/tsukisgarden.com\/index.php\/wp-json\/wp\/v2\/product_brand?post=793"},{"taxonomy":"product_cat","embeddable":true,"href":"https:\/\/tsukisgarden.com\/index.php\/wp-json\/wp\/v2\/product_cat?post=793"},{"taxonomy":"product_tag","embeddable":true,"href":"https:\/\/tsukisgarden.com\/index.php\/wp-json\/wp\/v2\/product_tag?post=793"}],"curies":[{"name":"wp","href":"https:\/\/api.w.org\/{rel}","templated":true}]}}